g + 38. What is the greatest common divisor of 10 and z?
5
Let m = 406 - 189. Calculate the greatest common factor of 31 and m.
31
Suppose 3*x = -0*x. Suppose x = -2*t - 3*g + 15, 2*t + 5*g = g + 14. Let u be ((-24)/9)/((-1)/t). What is the highest common divisor of u and 12?
12
Suppose -7*g = -12*g + 35. What is the highest common divisor of g and 56?
7
Let r be (-2)/(-7) + (-494)/(-133). Calculate the highest common factor of r and 92.
4
Let s be (-1)/4 + (-17)/(-4). Suppose -56 + 2 = -2*f + 2*h, 0 = s*f + 3*h - 101. Suppose 0 = -5*a + f + 24. What is the highest common factor of 30 and a?
10
Let t be 4/14 + 82/7. Suppose -n + 4*n - t = 0. Calculate the greatest common divisor of n and 24.
4
Suppose 0*i - 96 = -4*i. Calculate the greatest common divisor of 6 and i.
6
Let m = 28 + -9. Let c = m - 3. Calculate the greatest common factor of c and 32.
16
Suppose 2 + 18 = 4*w. Suppose -w*d + 40 = -0*d. What is the greatest common factor of 72 and d?
8
Let u = 133 - -16. Let j = -89 + u. Calculate the greatest common factor of j and 6.
6
Let i = -9 - -10. Let g = 6 - i. Let m(y) = -y**3 + 8*y**2 - 6*y + 7. Let f be m(g). What is the highest common divisor of 13 and f?
13
Suppose p - 2*p = -10. Let w be 16/(10/2 + -3). Suppose 0 = -w*c + 12*c - 360. What is the greatest common divisor of c and p?
10
Suppose -10 = -5*r, -3*u - r = -4*u + 4. What is the highest common divisor of u and 48?
6
Let c = 3 - 1. Suppose 3*b - 186 = 141. Suppose -3*f + b = -c*d, -f + 2*d + 31 = -0*d. Calculate the highest common factor of f and 13.
13
Let u be ((-31)/(-5))/(1/5). What is the greatest common factor of u and 62?
31
Let r be -1*3/6*542. Let p = -143 - r. Calculate the highest common factor of 16 and p.
16
Let t be (0 - -20) + (-12 - -10). What is the greatest common factor of 2 and t?
2
Suppose -6 = x + x - 2*s, s - 2 = 2*x. Let q(u) = -u**2 - 12*u + 9. Let t be q(-12). What is the highest common divisor of t and x?
1
Suppose -2*y + 114 = 5*g, 3*g + 2*y - 4*y - 78 = 0. Calculate the greatest common factor of 312 and g.
24
Suppose 3*u - 15 = 2*u. Let j = -5 + u. What is the highest common factor of j and 15?
5
Suppose 1694 = 4*m - 3*g + 213, 0 = -5*m - g + 1856. Suppose 202 = 4*j + 5*w - 219, 4*j - 5*w = m. Calculate the greatest common divisor of 11 and j.
11
Let o = 18 - 12. Let q(t) = -t**3 - t**2 + t + 54. Suppose y = -y. Let n be q(y). Calculate the greatest common factor of o and n.
6
Suppose -7*y = -3*y - 12. Let j = 11 + 16. Suppose 3*o = 5*z - 3*z - j, -2*o = y*z - 34. Calculate the highest common divisor of 132 and z.
12
Let h(n) = 2*n**2 + 5*n + 15. Let q be h(-5). Calculate the highest common factor of q and 120.
40
Let k be (-120 + 3)/(-3) + 1. Calculate the highest common factor of k and 16.
8
Let h(r) = r**2 + r + 6. Let v be h(-9). What is the highest common factor of 52 and v?
26
Let d(n) = n**3 + 18*n**2 + 10*n + 13. Let r be d(-17). What is the highest common divisor of 12 and r?
12
Let r(n) be the first derivative of -8*n**2 - 2*n - 3. Let y be r(-1). Calculate the greatest common factor of 14 and y.
14
Suppose 5*x - 17 = -2. Suppose -x*r + 352 = r. What is the greatest common factor of r and 8?
8
Let m(z) = 2*z**3 - 3*z**2 + 2*z + 1. Let k be m(3). What is the highest common factor of k and 17?
17
Let b(j) = -j + 11. Let t be b(10). Suppose -31 = 4*i + f, -f - t = -i - 5. Let y = -4 - i. Calculate the highest common divisor of y and 27.
3
Let r(p) = -p**3 - 16*p**2 - 4*p - 24. Let k be r(-16). Let g be (5/2)/(3/12). What is the greatest common divisor of g and k?
10
Let t be (-2)/(-6) + 35/3. Let x(z) = 2 - t*z + 2 - 3. Let k be x(-1). Calculate the highest common divisor of k and 117.
13
Let y = 255 + -143. Calculate the greatest common factor of 14 and y.
14
Suppose -2*m = -6 - 14. Calculate the highest common divisor of 110 and m.
10
Let l(q) = -q**3 + 8*q**2 - 3*q - 8. Let b(x) = x**3 + 7*x**2 + 5*x + 1. Let f be b(-6). Let n be l(f). Calculate the highest common divisor of 4 and n.
4
Let l(k) be the first derivative of -1 - 4*k + 1/3*k**3 + 3/2*k**2. Let z be l(-5). What is the greatest common factor of z and 48?
6
Suppose d - 19 = 3*q - 2*q, -4*q - d - 61 = 0. Let u = 29 + q. Let v = 13 + 91. Calculate the highest common divisor of u and v.
13
Let j = -84 + 150. Let y = j - 18. Calculate the greatest common divisor of 12 and y.
12
Suppose 0 = -4*n + 2*n + 6. Let h be n/9 + (-214)/(-6). Suppose 5*u + x = 18, -3*u - 2*x + 16 = -4*x. What is the greatest common divisor of h and u?
4
Let j = 8 - -1. Let r = 16 - j. What is the greatest common divisor of r and 63?
7
Let j(s) = -s**2 + 12*s - 16. Let p(h) = -2*h**2 + 23*h - 31. Let q(g) = 5*j(g) - 3*p(g). Let x be q(9). What is the highest common divisor of 13 and x?
13
Suppose -5*c + 4*f + 338 = 0, -2*f - 146 = -2*c - 4*f. Calculate the greatest common factor of 10 and c.
10
Suppose 8 + 1 = 3*a. What is the greatest common divisor of a and 21?
3
Suppose 103 - 1 = 2*g. Let d(p) = p + 39. Let b be d(-5). Calculate the highest common divisor of g and b.
17
Suppose q - 3 + 1 = y, 2*q = -5*y - 10. Suppose q = -3*n - 4*i + 35, 2 = n + 4*i - 15. Calculate the greatest common divisor of 45 and n.
9
Suppose -71 - 9 = -4*j. Let h(b) = b**3 - 3*b**2 + 6*b. Let x be h(4). What is the highest common factor of j and x?
20
Let h(d) = d - 8. Let m be h(15). Calculate the highest common divisor of m and 63.
7
Suppose 0 = -3*l + 6, -5*a + 5*l = 6*l - 17. Suppose -40 = -4*j + 2*r, 28 = a*j + j + 4*r. What is the highest common factor of j and 81?
9
Suppose -18 + 53 = 5*n. What is the highest common factor of 56 and n?
7
Let x be (-74)/(-14) - (-12)/(-42). Calculate the highest common factor of x and 5.
5
Suppose 4*d - 20 = -0*d. Suppose -5*z - d*a + 120 = 0, 0*a = -a - 1. What is the highest common factor of 5 and z?
5
Suppose h - 123 = -3*v, 4*v + 3*h - 97 = 72. What is the highest common factor of 120 and v?
40
Let v be -5 + 2 - (-53 - (-25)/(-5)). Calculate the greatest common factor of v and 275.
55
Suppose -q + 3*n = -0*q - 13, -3*q - 5*n = -53. What is the highest common factor of 144 and q?
16
Suppose -5*i + 2*f = 5*f - 3, -4*i + 4 = 2*f. Suppose a - 6*a = -2*u - 36, i*u + 41 = a. Let l = u - -25. Calculate the greatest common divisor of 8 and l.
4
Let b = -146 + 172. Calculate the highest common factor of b and 286.
26
Suppose -4*v - 10 + 26 = 0. Suppose -248 - 163 = -v*t - 3*a, 4*a - 198 = -2*t. Let n = -27 - -42. What is the highest common divisor of t and n?
15
Suppose -6*j + 0*j = -228. Let v = 28 + j. Calculate the greatest common factor of v and 6.
6
Let p = -26 - -41. Calculate the highest common factor of p and 60.
15
Let i = -1 + 49. Calculate the greatest common factor of 16 and i.
16
Suppose -7*o + 160 = -6*o. What is the highest common divisor of 32 and o?
32
Suppose -21 = 4*h - h. Let c be 2/((-1)/h + 0). Suppose -7*t = -4*t - 462. Calculate the highest common divisor of t and c.
14
Let r(d) = -d**3 - 6*d**2 + 9*d + 8. Let y be r(-9). What is the greatest common divisor of 68 and y?
34
Suppose 6 = w - 12. Let i(t) = -t**3 + 3*t**2 + t - 1. Let o be i(3). What is the highest common factor of w and o?
2
Let b be -3*(10/(-6) - 4). Let y = b - 7. What is the greatest common factor of 90 and y?
10
Suppose 5*h + g - 1828 + 632 = 0, 4*h + 3*g - 948 = 0. Calculate the highest common factor of h and 96.
48
Let z(j) = -11*j + 16. Let p be z(-4). Calculate the greatest common factor of 12 and p.
12
Suppose 4*i = 2*i + 66. What is the highest common divisor of 3 and i?
3
Let l be 50/4*(0 + 8). What is the highest common factor of l and 20?
20
Suppose -5*u - 2*l = -4*u - 12, 2*l = 4*u - 8. Suppose 5 - 1 = u*q. Let i be 2/(-3) - 33/(-9). Calculate the highest common factor of i and q.
1
Suppose 19*x - 15*x = 148. Calculate the greatest common factor of 259 and x.
37
Let x be 200/(-70)*42/(-4). What is the highest common divisor of x and 18?
6
Let l be (-4)/4 + 0 - -94. What is the highest common factor of 31 and l?
31
Let q = 234 - 366. Let h be ((-2)/4)/(2/q). What is the highest common divisor of 11 and h?
11
Let o(c) = -c**2 - 11*c + 28. Let k be o(-13). Let u be 1 + -1 + 13 - 2. Let a = u + -8. Calculate the greatest common divisor of k and a.
1
Let u be 0 + -2 + (-490)/(-5). What is the great